 5 + 0?
2
What is 33 - 34 - (-1 + -2 + 3)?
-1
Calculate 0 + 5 + 1 + -44 + 41.
3
Calculate (-3 - -5) + -2 + 2 + -4.
-2
Calculate -8 + (9 - 5 - 3).
-7
14 + 2 + -8 - 2
6
9 + (-3 - -2) + -27 + 25
6
Evaluate (7 - 7 - 3) + 4.
1
What is the value of 0 + (-5 - 1) - (-763 - -760)?
-3
What is -2 + 13 - (22 - 15) - 7?
-3
What is the value of 7 + -3 + 3 - 11?
-4
Calculate -3 - (-2 - -1) - (51 - 58).
5
What is the value of 2 - (-1 + -6 - -4)?
5
What is the value of 4 + 2 + 1 - (20 - 5)?
-8
What is 5 - (2 + 1 + -2 - 1)?
5
Calculate (-2 - -6 - 11 - -5) + 3.
1
0 - (3 + -6) - -2
5
What is the value of (3 - (5 - 3)) + (0 - -3)?
4
What is the value of -7 + 0 - (-6 - -4)?
-5
11 + (1 - 4 - 2)
6
5 + -2 + -2 + 2
3
Calculate (-1 - (-2 + -2)) + -2.
1
-1 + 4 + (-1 - 2)
0
What is 2 + (-4 - (-3 - -6))?
-5
What is the value of 1 + (0 + 0 + -3 - -4)?
2
What is -4 - (7 - 4 - 9)?
2
What is -9 + 1 + -7 + 10 + -1?
-6
Evaluate 3 + -3 + (-7 - -2) + -1.
-6
What is the value of 16 - 15 - ((2 - 1) + -5)?
5
Evaluate -1 - ((-4 - -3) + 5).
-5
-7 + (-5 + 2 + -1 - -2)
-9
3 + 2 + (1 - 2) + 0
4
Calculate 3 - (3 + 6 + -12).
6
Evaluate -3 + (0 - (2 + 3)) + 14.
6
What is the value of -6 + (23 - (9 - 0))?
8
What is -4 + (4 - 0) + -2 + 1?
-1
Calculate 5 + (-10 - (-6 - -3)) + 5.
3
(0 - 8) + 8 + 0
0
What is 6 + -8 + (3 - 8) - -6?
-1
25 + -6 - 10 - 17
-8
Evaluate -6 + 14 - (16 + -15).
7
Calculate (-4 + 2 - -3) + -4 - 0.
-3
(-2 - -1) + 2 + -3
-2
Calculate -10 + (0 - -5) - -7.
2
What is 7 + (-1 - 2) - (-1 - -2)?
3
What is -8 + -5 + 11 - (-4 + -1)?
3
What is -3 - (2 + (2 - 4) + 1)?
-4
Calculate 1 + (-6 - -16) + -6.
5
What is the value of -9 - (1 - (1 + 12))?
3
What is -4 + (2 - -1) - -5?
4
(7 - (9 - -5)) + 3
-4
(2 - 3) + 8 + -6 + 2
3
What is 1 + (2 - 0) + -48 + 41?
-4
What is the value of (-9 - -10) + (-2 - 0)?
-1
0 - 3 - (-10 - (-1 - 10))
-4
207 + -196 - (15 + 1)
-5
(2 - (-1 + 3)) + -4
-4
Evaluate 11 - (-3 + 5 + 4) - -1.
6
(12 - 4) + -2 + -2
4
What is 2 - 2 - (-8 + (6 - 1))?
3
What is 2 + (1 - (2 + -4)) + -7?
-2
What is -9 + (-17 - -19) - (-16 + 1)?
8
What is 7 - (-2 - (-1 - 7)) - 3?
-2
What is 3 + -1 + (2 - (-7 - -9))?
2
What is the value of (-3 - (-4 + -3 + 5)) + -4?
-5
What is the value of -6 + 3 - (3 - 3)?
-3
-2 + (15 - 8) - -1
6
-1 + -2 - (2 + -3)
-2
0 - (-11 + (10 - 5))
6
Evaluate -6 + 1 + 1 + -5 + 3.
-6
Evaluate 2 + (-2 - 5 - -3) - 1.
-3
What is (4 - 10 - -5) + 11?
10
Calculate (10 - 4) + (1 - 2).
5
Calculate -2 + 1 + -27 + 27.
-1
What is 3 + -4 + -3 - (3 + -7)?
0
1 + 9 + -6 - 0
4
What is the value of 1 + -4 + 5 - 0?
2
-2 - (6 - 2 - 8 - -4)
-2
What is -4 - (0 + 4 - 4)?
-4
What is the value of (9 - 9 - (2 + 4)) + 12?
6
What is the value of -1 + (-1 - (1 + -7))?
4
Evaluate (4 - 0) + (0 - (4 - 2)).
2
8 - (5 + 2) - 8
-7
What is (-4 + 1 + 0 - -3) + -2?
-2
-6 - (-8 + 3) - 2
-3
Calculate 1 + 0 + 1 + 3.
5
Evaluate 3 + -12 + 9 - -4.
4
(3 - 0) + -7 + -7 + 19
8
0 + (-3 - (1 + -3 + 3))
-4
Evaluate -6 + -3 + 13 + -9.
-5
What is the value of 67 - 65 - (2 + (1 - 8))?
7
What is 3 + (-5 - -2) + -10?
-10
-6 - (8 + -7 + -10)
3
Evaluate 0 - (-2 + -6 + 13).
-5
Calculate 4 - (14 - 7) - 3 - -6.
0
Calculate 3 + (2 - 4 - 3).
-2
What is the value of -4 + 1 + -1 + 0 + 2?
-2
Evaluate (3 - 0 - (3 + -4)) + -8.
-4
-3 + -6 + 5 - (-13 - 0)
9
(29 - 31) + (0 - 2)
-4
What is the value of 1 + 2 - (-59 - -62)?
0
(9 - (-4 + (-7 - -12))) + -7
1
-3 - (-2 + -5) - 8
-4
What is 3 + 2 - 8 - -3?
0
(1 - 3) + (-9 - -11) + 2
2
What is the value of 12 + -13 + (1 - 0 - 3)?
-3
Evaluate -23 + 11 - -8 - -12.
8
Evaluate -5 + (13 - ((5 - 4) + 2)).
5
Evaluate -4 - (-6 - 0) - -10 - 5.
7
Evaluate (1 - (0 - 4 - -12)) + 3.
-4
What is the value of (-15 - -12) + (-1 - -8)?
4
(-4 - (4 + -8 - 0)) + -1
-1
Calculate -13 - (-7 + -4 + 4 + 2).
-8
Calculate 3 - (2 + (2 - 4) + 3).
0
Evaluate (11 - 6) + 2 + -12.
-5
-2 - 1 - 1 - -8
4
What is the value of (16 - 22) + (-2 - -2)?
-6
Calculate 2 + 2 + 12 + -16.
0
6 + -1 - (-8 - 0 - -11)
2
What is the value of -1 + (-6 - -4) + (6 - -2)?
5
136 + -140 - (1 + -4)
-1
Evaluate (8 - 1) + 0 - (-55 + 70).
-8
What is the value of -5 + 12 + -11 + -5?
-9
Calculate -15 + 8 + 9 + -7.
-5
8 + (-5 - (-6 + 4))
5
Evaluate -8 + 0 + (-1 - -4).
-5
What is 2 + 3 + -4 + 1?
2
Evaluate 5 + (2 + -3 - 6) + 4.
2
What is 8 + (-3 - (-2 - -2)) + -6?
-1
(-5 - -6) + (-7 - -2)
-4
Evaluate -5 - (-3 + (3 - 2)).
-3
0 + 8 - 1 - (-13 - -22)
-2
What is -5 - (-5 + (4 - 4))?
0
Evaluate -9 + 4 + -6 + 11 + -6.
-6
5 - (2 + -2 + 11 - -1)
-7
2 - (1 + 0) - (-5 + 6)
0
What is the value of (1 - -4 - 4) + -2 + -1?
-2
What is the value of -2 + -3 + 1 + -1?
-5
Evaluate (-3 - -3 - -1) + (-1 - 0).
0
What is the value of -1 + 1 + -4 + 8 + 1?
5
Evaluate (-3 - (0 - -1)) + 60 + -59.
-3
Calculate 0 + 1 + (13 - 14).
0
Calculate 15 - (8 + 0) - 8.
-1
Evaluate (1 - (-1 + -4 - -6)) + -1.
-1
What is the value of 3 + -10 - -6 - 7?
-8
Calculate -6 - (-3 + 1 + (-10 - -3)).
3
Calculate -2 - -2 - 9 - -11.
2
What is the value of (1 - (10 - 2)) + (-10 - -13)?
-4
Evaluate (15 - 8) + -10 + 3 + -3.
-3
Evaluate -3 + -1 + 1 + (2 - -1).
0
What is (-6 - -5) + 3 + -3 + -1?
-2
What is -2 - -5 - -2 - -1?
6
What is (5 - 2) + -5 + -3?
-5
What is 22 + -26 - (1 - 5)?
0
Evaluate 4 + (-3 - -5) + -1.
5
-8 + (-4 - -4) + 1 + 2
-5
Calculate (4 - ((-1 - 5) + 3)) + -2.
5
Calculate (-2 - (-8 - -17)) + 6.
-5
What is the value of 5 + (-6 + 2 - -4)?
5
Evaluate -1 - -7 - (99 + -85).
-8
What is 8 - (0 - -4) - 6?
-2
What is -3 + 1 + (8 - 5)?
1
What is 8 + -7 + (-1 - 1 - 2)?
-3
What is the value of 1 + -6 + 0 + 1?
-4
2 - (13 - 5) - -4
-2
What is 5 - ((-5 - -3) + 4)?
3
Evaluate 1 + 6 + (14 - 21).
0
Evaluate 6 + (2 - 7) - 2.
-1
Calculate 0 - (0 + (-4 - -2) + -4).
6
(-3 + 1 - -4) + 1
3
-1 + (1 + 3 - 5) + 1
-1
Calculate 2 - (6 + -4) - (-3 - 0).
3
Evaluate (-6 - -1) + (-6 - -2) + 13.
4
Calculate (3 - (-3 + -5)) + -11.
0
-3 - (-7 - (3 - 2))
5
What is the value of (-8 - (-3 + 3)) + 3?
-5
Evaluate (-2 - -1) + 1 + -2.
-2
-5 + (-3 - (0 + -2 + 3))
-9
What is the value of (5 - 2) + (1 - 3 - 0)?
1
-8 + -3 + 4 - -6
-1
Calculate -5 + (-3 - -2) - -7.
1
Calculate 2 - 2 - (-46 + 41).
5
What is (1 - 2) + 1 - (3 - 0)?
-3
What is the value of 30 - 25 - (2 - 0)?
3
0 + 0 - (-2 - (-6 - -5))
1
Calculate 4 + -3 - (2 - -3).
-4
Calculate -7 + (-9 - -7 - -9).
0
What is the value of 2 - (1 - (2 + -1 - 3))?
-1
Calculate (1 - -1) + (-1 - -1).
2
What is (8 - 4) + (-6 - -4)?
2
(1 - 1) + -2 + 1 - 3
-4
Calculate (1 - 2 - -14) + -5.
8
What is the value of -11 + (27 - 27) - (-5 + -1)?
-5
What is 1 + (5 + (-9 - -4) - 3)?
-2
Calculate -2 + (3 - (8 + -2)).
-5
What is the value of (-11 - 0) + (-61 - -67)?
-5
What is the value of 1 + 2 + (-2 - (2 + -1))?
0
Evaluate -3 - (1 + -4 + 1).
-1
Calculate (-1 - -9 - 2) + -3.
3
Calculate 1 - (0 - 1 - -6).
-4
Evaluate 0 - 3 - (-3 - (1 + -5)).
-4
What is the value of (-5 - 1) + 4 + (13 - 17)?
-6
What is the value of (6 - 5) + (3 - -1) + -3?
2
What is -4 + 9 + -1 + -1?
3
Calculate 1 + (-1 - (-3 - 0)) + 1.
4
What is the value of 6 + (-1 - 13) + 7?
-1
Calculate (-11 - -3 - -6) + 1.
-1
Calculate -7 - (8 - 10 - (-1 - -9)).
3
What is the value of -8 + 3 + 4 - -5?
4
Calculate 0 - (-3 + 11) - -3 - -7.
2
Calculate 1 - -1 - (-12 + -8 + 20).
2
1 - (-1 - (-2 - -1))
1
What is (-18 - -14) + -1 + 0 + 1?
-4
Calculate 5 + -2 + (6 - (-4 + 6)).
7
3 + -9 + (8 - (-11 + 7))
6
-1 + -3 + -2 + 19 + -20
-7
Calculate 4 + (-9 + 5 - 0).
0
What is (10 - 14) + 3 + -1?
-2
What is 0 + (12 + -6 - 13)?
-7
Evaluate 2 - ((-3 - 4) + 2 - -16).
-9
6 + (-13 - (6 - 13))
0
Evaluate -3 + 7 + -7 + 10 + -3.
4
Evaluate -20 + 14 + (-2 - (1 + -15)).
6
Calculate (2 - 0) + -6 + 4.
0
Evaluate -13 - (-4 + -2) - 3 - -5.
-5
Evaluate (-3 - 2) + -3 + 4 + 4.
0
Evaluate 2 + -3 + 6 + -3 + 2.
4
What is 2 - (10 + -7 - 3)?
2
-3 - (-3 + 0 - (-20 - -19))
-1
Calculate -2 + (-3 - 6) - -7.
-4
(2 - (0 - -3)) + -2 + -1
-4
What is 0 - 3 - (-2 - 0) - 0?
-1
What is the value of (0 - (-1 + 2)) + 3?
2
0 + 4 + (4 - 4)
4
What is the value of (-8 - 0) + 0 + 7 + 0?
-1
Evaluate (1 - (4 + 0)) + 3.
0
3 - (-3 + (-2 - 1))
9
6 - (8 - (2 - -5))
5
What is -12 + 28 + -10 - (-1 + 2)?
5
What is 7 + -19 + 3 + 0 + 4?
-5
What is 1 + (0 - 10) + 87 + -80?
-2
Evaluate 6 - (-4 + 10) - 3.
-3
Evaluate -6 + (3 - -6) - 14.
-11
Calculate -2 - 10 - (3 - 24).
9
What is 8 - (1 + 5 + (-1 - 2))?
5
What is the value of -1 + 